{"id":207,"date":"2019-09-24T22:38:26","date_gmt":"2019-09-24T20:38:26","guid":{"rendered":"http:\/\/hb-535.ch\/?page_id=207"},"modified":"2020-11-11T21:30:28","modified_gmt":"2020-11-11T20:30:28","slug":"sponsoren","status":"publish","type":"page","link":"https:\/\/hb-535.ch\/?page_id=207","title":{"rendered":"Sponsoren"},"content":{"rendered":"<p>Wir bedanken uns bei allen grossz\u00fcgigen Unterst\u00fctzern welche die Restauration des Bazillus m\u00f6glich gemacht haben!<\/p>\n<p><a href=\"https:\/\/www.kaeppeli-bau.ch\">K\u00e4ppeli Bau<\/a><br \/>\n<img loading=\"lazy\" decoding=\"async\" class=\"alignnone size-medium wp-image-208\" src=\"https:\/\/hb-535.ch\/wp-content\/uploads\/2019\/09\/Logo_K\u00e4ppeli-254x300.png\" alt=\"\" width=\"254\" height=\"300\" srcset=\"https:\/\/hb-535.ch\/wp-content\/uploads\/2019\/09\/Logo_K\u00e4ppeli-254x300.png 254w, https:\/\/hb-535.ch\/wp-content\/uploads\/2019\/09\/Logo_K\u00e4ppeli-230x272.png 230w, https:\/\/hb-535.ch\/wp-content\/uploads\/2019\/09\/Logo_K\u00e4ppeli-350x414.png 350w, https:\/\/hb-535.ch\/wp-content\/uploads\/2019\/09\/Logo_K\u00e4ppeli.png 394w\" sizes=\"auto, (max-width: 254px) 100vw, 254px\" \/><\/p>\n<p>&nbsp;<\/p>\n<p><a href=\"https:\/\/www.neutrass.ch\/\">Neutrass<\/a><\/p>\n<p><img loading=\"lazy\" decoding=\"async\" class=\"alignnone wp-image-213\" src=\"https:\/\/hb-535.ch\/wp-content\/uploads\/2019\/09\/image004.png\" alt=\"\" width=\"329\" height=\"149\" \/><\/p>\n<p><a href=\"https:\/\/www.mecaplex.ch\/home.html\">MECAPLEX<\/a><\/p>\n<p><img loading=\"lazy\" decoding=\"async\" class=\"alignnone size-medium wp-image-247\" src=\"https:\/\/hb-535.ch\/wp-content\/uploads\/2020\/11\/Mecaplex_logo_1000x162-300x49.jpg\" alt=\"\" width=\"300\" height=\"49\" srcset=\"https:\/\/hb-535.ch\/wp-content\/uploads\/2020\/11\/Mecaplex_logo_1000x162-300x49.jpg 300w, https:\/\/hb-535.ch\/wp-content\/uploads\/2020\/11\/Mecaplex_logo_1000x162-768x124.jpg 768w, https:\/\/hb-535.ch\/wp-content\/uploads\/2020\/11\/Mecaplex_logo_1000x162-830x134.jpg 830w, https:\/\/hb-535.ch\/wp-content\/uploads\/2020\/11\/Mecaplex_logo_1000x162-230x37.jpg 230w, https:\/\/hb-535.ch\/wp-content\/uploads\/2020\/11\/Mecaplex_logo_1000x162-350x57.jpg 350w, https:\/\/hb-535.ch\/wp-content\/uploads\/2020\/11\/Mecaplex_logo_1000x162-480x78.jpg 480w, https:\/\/hb-535.ch\/wp-content\/uploads\/2020\/11\/Mecaplex_logo_1000x162.jpg 1000w\" sizes=\"auto, (max-width: 300px) 100vw, 300px\" \/><\/p>\n<p><a href=\"http:\/\/dasach.ch\/\">Schweizer Reperaturen und Anfertigungen<\/a><\/p>\n<p><img loading=\"lazy\" decoding=\"async\" class=\"alignnone size-medium wp-image-217\" src=\"https:\/\/hb-535.ch\/wp-content\/uploads\/2019\/11\/Logo-300x74.png\" alt=\"\" width=\"300\" height=\"74\" srcset=\"https:\/\/hb-535.ch\/wp-content\/uploads\/2019\/11\/Logo-300x74.png 300w, https:\/\/hb-535.ch\/wp-content\/uploads\/2019\/11\/Logo-230x57.png 230w, https:\/\/hb-535.ch\/wp-content\/uploads\/2019\/11\/Logo-350x86.png 350w, https:\/\/hb-535.ch\/wp-content\/uploads\/2019\/11\/Logo.png 466w\" sizes=\"auto, (max-width: 300px) 100vw, 300px\" \/><\/p>\n<p><a href=\"http:\/\/www.eveindecor.ch\">Eve in Decor<\/a><\/p>\n<p><img loading=\"lazy\" decoding=\"async\" class=\"alignnone size-medium wp-image-216\" src=\"https:\/\/hb-535.ch\/wp-content\/uploads\/2019\/11\/WhatsApp-Image-2019-10-18-at-15.53.29-300x142.jpeg\" alt=\"\" width=\"300\" height=\"142\" srcset=\"https:\/\/hb-535.ch\/wp-content\/uploads\/2019\/11\/WhatsApp-Image-2019-10-18-at-15.53.29-300x142.jpeg 300w, https:\/\/hb-535.ch\/wp-content\/uploads\/2019\/11\/WhatsApp-Image-2019-10-18-at-15.53.29-230x109.jpeg 230w, https:\/\/hb-535.ch\/wp-content\/uploads\/2019\/11\/WhatsApp-Image-2019-10-18-at-15.53.29-350x165.jpeg 350w, https:\/\/hb-535.ch\/wp-content\/uploads\/2019\/11\/WhatsApp-Image-2019-10-18-at-15.53.29.jpeg 385w\" sizes=\"auto, (max-width: 300px) 100vw, 300px\" \/><\/p>\n<p>&nbsp;<\/p>\n","protected":false},"excerpt":{"rendered":"<p>Wir bedanken uns bei allen grossz\u00fcgigen Unterst\u00fctzern welche die Restauration des Bazillus m\u00f6glich gemacht haben! K\u00e4ppeli Bau &nbsp; Neutrass MECAPLEX Schweizer Reperaturen [&hellip;]<\/p>\n","protected":false},"author":1,"featured_media":0,"parent":0,"menu_order":0,"comment_status":"closed","ping_status":"closed","template":"","meta":{"footnotes":""},"class_list":["post-207","page","type-page","status-publish","hentry","gallery-content-unit"],"_links":{"self":[{"href":"https:\/\/hb-535.ch\/index.php?rest_route=\/wp\/v2\/pages\/207","targetHints":{"allow":["GET"]}}],"collection":[{"href":"https:\/\/hb-535.ch\/index.php?rest_route=\/wp\/v2\/pages"}],"about":[{"href":"https:\/\/hb-535.ch\/index.php?rest_route=\/wp\/v2\/types\/page"}],"author":[{"embeddable":true,"href":"https:\/\/hb-535.ch\/index.php?rest_route=\/wp\/v2\/users\/1"}],"replies":[{"embeddable":true,"href":"https:\/\/hb-535.ch\/index.php?rest_route=%2Fwp%2Fv2%2Fcomments&post=207"}],"version-history":[{"count":5,"href":"https:\/\/hb-535.ch\/index.php?rest_route=\/wp\/v2\/pages\/207\/revisions"}],"predecessor-version":[{"id":248,"href":"https:\/\/hb-535.ch\/index.php?rest_route=\/wp\/v2\/pages\/207\/revisions\/248"}],"wp:attachment":[{"href":"https:\/\/hb-535.ch\/index.php?rest_route=%2Fwp%2Fv2%2Fmedia&parent=207"}],"curies":[{"name":"wp","href":"https:\/\/api.w.org\/{rel}","templated":true}]}}